{"id":133,"date":"2023-01-14T16:03:55","date_gmt":"2023-01-14T15:03:55","guid":{"rendered":"http:\/\/iivkft.hu\/new\/udvozoljuk-oldalunkon-slovencina\/"},"modified":"2023-01-16T12:43:42","modified_gmt":"2023-01-16T11:43:42","slug":"udvozoljuk-oldalunkon-slovencina","status":"publish","type":"page","link":"https:\/\/iivkft.hu\/new\/sk\/udvozoljuk-oldalunkon-slovencina\/","title":{"rendered":"V\u00cdTAME V\u00c1S NA NA\u0160EJ STR\u00c1NKE!"},"content":{"rendered":"\n<p><strong>Na\u0161u firmu zalo\u017eil \u017eivnostn\u00edk L\u00e1szl\u00f3 Ily\u00e9s.<\/strong><\/p>\n\n\n\n<p>Zaoberal sa hlavne s rutinnou \u00fadr\u017ebou ve\u013ek\u00fdch environment\u00e1lnych spolo\u010dnost\u00ed, ako cukrovar a celul\u00f3zka v Szolnoku, pivovar v Martf\u0171 a firma Mars v Csongr\u00e1dbokrosi.<\/p>\n\n\n\n<p>V roku 2008 spolo\u010dnos\u0165 pre\u0161la pr\u00e1vnou zmenou na I.I.V.F\u00e9mipari s.r.o.<\/p>\n\n\n\n<p>Na z\u00e1klade z\u00edskan\u00fdch sk\u00fasenost\u00ed na\u0161a spolo\u010dnos\u0165 vykon\u00e1va dielensk\u00e9 pr\u00e1ce na v\u00fdmere 1000 m2, kde sa zaober\u00e1 z\u00e1mo\u010dn\u00edckymi, zv\u00e1ra\u010dsk\u00fdmi, s\u00fastru\u017en\u00edckymi pr\u00e1cami a tak isto s in\u017einierskymi slu\u017ebami.<\/p>\n\n\n\n<p><strong>\u010cinnos\u0165 v\u00fdrobcu:<\/strong><\/p>\n\n\n\n<p>vytv\u00e1ra\u0165 mal\u00e9 a stredn\u00e9 \u0161trukt\u00fary,<\/p>\n\n\n\n<p>in\u0161tal\u00e1cia priemyseln\u00e9ho potrubia,<\/p>\n\n\n\n<p>technologick\u00e1 mont\u00e1\u017e,<\/p>\n\n\n\n<p>\u00fadr\u017eba,<\/p>\n\n\n\n<p>v\u00fdroba rezac\u00edch n\u00e1strojov.<\/p>\n\n\n\n<p><strong>Zv\u00e1ra\u010dsk\u00e1 \u010dinnos\u0165:<\/strong><\/p>\n\n\n\n<p>zv\u00e1ranie uhl\u00edkovej ocele, nehrdzavej\u00facej ocele, hlin\u00edkov\u00fdch kon\u0161trukci\u00ed,<\/p>\n\n\n\n<p>nakladanie a oprava zv\u00e1rania.<\/p>\n\n\n\n<p><strong>Engineering:<\/strong><\/p>\n\n\n\n<p>mal\u00fd dizajn stroja,<\/p>\n\n\n\n<p>sp\u00e4tn\u00e1 gener\u00e1cia,<\/p>\n\n\n\n<p>robi\u0165 3D pl\u00e1ny,<\/p>\n\n\n\n<p>zv\u00e1ra\u010dsk\u00e9 in\u017einierske slu\u017eby.<\/p>\n","protected":false},"excerpt":{"rendered":"<p>Na\u0161u firmu zalo\u017eil \u017eivnostn\u00edk L\u00e1szl\u00f3 Ily\u00e9s. Zaoberal sa hlavne s rutinnou \u00fadr\u017ebou ve\u013ek\u00fdch environment\u00e1lnych spolo\u010dnost\u00ed, ako cukrovar a celul\u00f3zka v Szolnoku, pivovar v Martf\u0171 a&hellip;<\/p>\n","protected":false},"author":1,"featured_media":0,"parent":0,"menu_order":0,"comment_status":"closed","ping_status":"closed","template":"","meta":{"footnotes":""},"class_list":["post-133","page","type-page","status-publish","hentry"],"_links":{"self":[{"href":"https:\/\/iivkft.hu\/new\/wp-json\/wp\/v2\/pages\/133","targetHints":{"allow":["GET"]}}],"collection":[{"href":"https:\/\/iivkft.hu\/new\/wp-json\/wp\/v2\/pages"}],"about":[{"href":"https:\/\/iivkft.hu\/new\/wp-json\/wp\/v2\/types\/page"}],"author":[{"embeddable":true,"href":"https:\/\/iivkft.hu\/new\/wp-json\/wp\/v2\/users\/1"}],"replies":[{"embeddable":true,"href":"https:\/\/iivkft.hu\/new\/wp-json\/wp\/v2\/comments?post=133"}],"version-history":[{"count":1,"href":"https:\/\/iivkft.hu\/new\/wp-json\/wp\/v2\/pages\/133\/revisions"}],"predecessor-version":[{"id":155,"href":"https:\/\/iivkft.hu\/new\/wp-json\/wp\/v2\/pages\/133\/revisions\/155"}],"wp:attachment":[{"href":"https:\/\/iivkft.hu\/new\/wp-json\/wp\/v2\/media?parent=133"}],"curies":[{"name":"wp","href":"https:\/\/api.w.org\/{rel}","templated":true}]}}